tors of 1143366?
2, 3, 7, 3889
What are the prime factors of 1165397?
1165397
What are the prime factors of 560383?
331, 1693
What are the prime factors of 584278?
2, 389, 751
What are the prime factors of 248296?
2, 41, 757
List the prime factors of 4024090.
2, 5, 7, 57487
What are the prime factors of 752100?
2, 3, 5, 23, 109
List the prime factors of 234499.
234499
What are the prime factors of 912293?
223, 4091
What are the prime factors of 92723?
92723
List the prime factors of 9675950.
2, 5, 431, 449
What are the prime factors of 160031?
160031
List the prime factors of 66350.
2, 5, 1327
List the prime factors of 633304.
2, 7, 43, 263
List the prime factors of 274758.
2, 3, 11, 23, 181
List the prime factors of 9250930.
2, 5, 13, 71161
List the prime factors of 6522791.
11, 61, 9721
What are the prime factors of 14778845?
5, 1279, 2311
What are the prime factors of 523967?
199, 2633
What are the prime factors of 233264?
2, 61, 239
What are the prime factors of 213233?
23, 73, 127
List the prime factors of 1638525.
3, 5, 7, 3121
What are the prime factors of 698969?
797, 877
What are the prime factors of 31453?
71, 443
What are the prime factors of 844613?
7, 11, 1567
List the prime factors of 3738146.
2, 1869073
List the prime factors of 626705.
5, 17, 73, 101
List the prime factors of 402703.
7, 57529
What are the prime factors of 3738722?
2, 13, 143797
List the prime factors of 131737.
103, 1279
What are the prime factors of 19583491?
73, 268267
List the prime factors of 4813597.
4813597
What are the prime factors of 164761?
37, 61, 73
List the prime factors of 220334.
2, 41, 2687
What are the prime factors of 121968?
2, 3, 7, 11
What are the prime factors of 4142319?
3, 43, 163, 197
List the prime factors of 1598455.
5, 319691
What are the prime factors of 157034?
2, 78517
List the prime factors of 5703128.
2, 712891
List the prime factors of 22578333.
3, 7526111
List the prime factors of 138466.
2, 69233
List the prime factors of 456517.
456517
List the prime factors of 185135.
5, 61, 607
List the prime factors of 102887.
137, 751
List the prime factors of 291125.
5, 17, 137
List the prime factors of 816507.
3, 30241
List the prime factors of 142320.
2, 3, 5, 593
List the prime factors of 1678131.
3, 7, 13, 683
What are the prime factors of 329813?
11, 29983
List the prime factors of 372465.
3, 5, 31, 89
What are the prime factors of 1415837?
1415837
List the prime factors of 8949261.
3, 113, 26399
List the prime factors of 6150642.
2, 3, 19, 163, 331
List the prime factors of 1801070.
2, 5, 389, 463
List the prime factors of 2721895.
5, 11, 409
What are the prime factors of 1824274?
2, 29, 71, 443
List the prime factors of 82977.
3, 17, 1627
List the prime factors of 212637.
3, 70879
What are the prime factors of 229352?
2, 28669
List the prime factors of 3784130.
2, 5, 7, 54059
What are the prime factors of 39364524?
2, 3, 227, 4817
List the prime factors of 4961058.
2, 3, 499, 1657
What are the prime factors of 176829?
3, 58943
What are the prime factors of 317219?
7, 45317
What are the prime factors of 51327?
3, 1901
What are the prime factors of 21152?
2, 661
List the prime factors of 2671214.
2, 7, 13, 1129
List the prime factors of 3870178.
2, 13, 148853
What are the prime factors of 266900?
2, 5, 17, 157
List the prime factors of 97817.
29, 3373
What are the prime factors of 1819254?
2, 3, 23, 13183
What are the prime factors of 7233520?
2, 5, 7, 12917
List the prime factors of 378392.
2, 7, 29, 233
What are the prime factors of 265066?
2, 132533
List the prime factors of 64272.
2, 3, 13, 103
List the prime factors of 522055.
5, 263, 397
What are the prime factors of 369250?
2, 5, 7, 211
List the prime factors of 1196916.
2, 3, 7, 14249
List the prime factors of 1875242.
2, 499, 1879
What are the prime factors of 65700?
2, 3, 5, 73
List the prime factors of 2016341.
23, 29, 3023
What are the prime factors of 33538?
2, 41, 409
List the prime factors of 654476.
2, 131, 1249
What are the prime factors of 337623?
3, 11, 13, 787
List the prime factors of 114920.
2, 5, 13, 17
List the prime factors of 22538.
2, 59, 191
List the prime factors of 104034.
2, 3, 7, 2477
List the prime factors of 13563410.
2, 5, 7, 193763
List the prime factors of 2108437.
2108437
List the prime factors of 205410.
2, 3, 5, 41, 167
What are the prime factors of 77334?
2, 3, 12889
List the prime factors of 3625265.
5, 7, 14797
What are the prime factors of 4494940?
2, 5, 379, 593
List the prime factors of 94337.
29, 3253
List the prime factors of 672948.
2, 3, 31, 67
List the prime factors of 10412789.
17, 71, 8627
What are the prime factors of 880831?
7, 23, 5471
List the prime factors of 1295698.
2, 347, 1867
List the prime factors of 96386.
2, 48193
What are the prime factors of 96860?
2, 5, 29, 167
What are the prime factors of 393642?
2, 3, 19, 1151
What are the prime factors of 5544583?
11, 45823
What are the prime factors of 272789?
11, 24799
What are the prime factors of 128901?
3, 42967
List the prime factors of 24758382.
2, 3, 11, 375127
List the prime factors of 4066818.
2, 3, 7, 37, 2617
What are the prime factors of 199614?
2, 3, 17, 19, 103
What are the prime factors of 1091648?
2, 37, 461
List the prime factors of 1047768.
2, 3, 149, 293
List the prime factors of 12573.
3, 11, 127
What are the prime factors of 791515?
5, 158303
What are the prime factors of 1729018?
2, 864509
What are the prime factors of 610663?
313, 1951
List the prime factors of 747760.
2, 5, 13, 719
What are the prime factors of 353703?
3, 7, 16843
What are the prime factors of 416418?
2, 3, 69403
List the prime factors of 3502555.
5, 7, 19, 23, 229
List the prime factors of 1252243.
151, 8293
What are the prime factors of 10536227?
13, 251, 3229
What are the prime factors of 328159?
13, 25243
List the prime factors of 316391.
316391
List the prime factors of 8216757.
3, 912973
List the prime factors of 793898.
2, 7, 8101
List the prime factors of 6388124.
2, 17, 37, 2539
What are the prime factors of 315151?
83, 3797
What are the prime factors of 3541289?
3541289
List the prime factors of 227223.
3, 25247
List the prime factors of 1599500.
2, 5, 7, 457
What are the prime factors of 14380282?
2, 7, 1027163
What are the prime factors of 318153?
3, 11, 31, 311
What are the prime factors of 3170516?
2, 792629
List the prime factors of 18016287.
3, 6005429
What are the prime factors of 1584625?
5, 7, 1811
What are the prime factors of 918539?
918539
List the prime factors of 2922221.
2922221
List the prime factors of 5343882.
2, 3, 17, 52391
What are the prime factors of 627537?
3, 209179
List the prime factors of 2863621.
797, 3593
List the prime factors of 1888442.
2, 197, 4793
What are the prime factors of 1885700?
2, 5, 109, 173
What are the prime factors of 1594797?
3, 23, 29, 797
What are the prime factors of 1484885?
5, 131, 2267
What are the prime factors of 343228?
2, 53, 1619
What are the prime factors of 195807?
3, 65269
List the prime factors of 16565684.
2, 17, 243613
List the prime factors of 191093.
7, 27299
What are the prime factors of 291886?
2, 7, 20849
What are the prime factors of 15206536?
2, 19, 100043
List the prime factors of 1816701.
3, 23, 113, 233
What are the prime factors of 1375205?
5, 13, 21157
What are the prime factors of 1120031?
11, 19, 23, 233
List the prime factors of 224203.
7, 32029
List the prime factors of 90244.
2, 7, 11, 293
List the prime factors of 501732.
2, 3, 7, 11, 181
List the prime factors of 70468.
2, 79, 223
What are the prime factors of 2539164?
2, 3, 211597
What are the prime factors of 4348320?
2, 3, 5, 9059
List the prime factors of 1315372.
2, 149, 2207
List the prime factors of 145024.
2, 11, 103
List the prime factors of 36654.
2, 3, 41, 149
List the prime factors of 349664.
2, 7, 223
List the prime factors of 24702.
2, 3, 23, 179
What are the prime factors of 56349?
3, 2087
List the prime factors of 3026713.
307, 9859
List the prime factors of 710217.
3, 23, 47, 73
List the prime factors of 951910.
2, 5, 95191
What are the prime factors of 2161513?
2161513
List the prime factors of 260697.
3, 67, 1297
List the prime factors of 112433.
29, 3877
List the prime factors of 205916.
2, 51479
What are the prime fac